- v**2 - 3*v + 4. Determine w(1).
2
Let l(y) = -136*y + 237. Determine l(2).
-35
Let w(f) = f**3 - 9*f**2 - 14*f + 24. Give w(10).
-16
Let f(y) = y**2 - 10*y + 5. Calculate f(4).
-19
Let s(d) = d**2 - 7*d - 205. Determine s(18).
-7
Let k(d) = 9*d. Give k(-1).
-9
Let y(s) = -5*s - 11. What is y(-3)?
4
Let x(k) = -3*k + 95. Determine x(33).
-4
Let u(s) = s**3 - 10*s**2 - 2*s + 10. Determine u(10).
-10
Let o(u) = 2*u**2 + 28*u - 28. What is o(-14)?
-28
Let y(r) = -5*r**3 - r**2. What is y(1)?
-6
Let i(l) = -l**3 + 4*l**2 + 2*l + 7. Give i(3).
22
Let y(l) = -l**3 + 10*l**2 - 6*l + 14. What is y(10)?
-46
Let s(p) = -p**3 + 2*p**2 + 7*p - 1. Calculate s(4).
-5
Let y(r) = -r**2 - 5*r + 7. Determine y(-6).
1
Let n(o) = -o**2 + 4*o + 3. Give n(4).
3
Let l(t) = -2*t**3 + 2*t**2 + 1. What is l(2)?
-7
Let k(c) = -c**3 - 9*c**2 + 6*c - 9. What is k(-10)?
31
Let f(q) = 11*q - 37. What is f(5)?
18
Let p(d) = d**3 + d**2 + 3*d + 2. What is p(-4)?
-58
Let u(f) = -7*f + 219. Calculate u(29).
16
Let c(i) = -i**3 - 6*i**2 - 3*i + 1. Give c(-5).
-9
Let t(f) = -f**3 - 7*f**2 + 2*f + 12. Calculate t(-7).
-2
Let x(j) = j**2 + 15*j - 44. Calculate x(-18).
10
Let f(g) = -2*g**2 + 30*g - 20. What is f(14)?
8
Let o(w) = 6*w + 15. Calculate o(-15).
-75
Let a(b) = -b**3 - 3*b**2 - 6*b + 2. Give a(-3).
20
Let a(s) = -s**3 - 6*s**2 + 2*s + 4. Calculate a(-6).
-8
Let q(t) = -2*t + 2. Calculate q(-1).
4
Let d(r) = -12*r**3 - 1. Calculate d(-1).
11
Let q(w) = w**3 - 8*w**2 - w - 8. What is q(0)?
-8
Let z(l) = l**3 - l**2 - l - 23. Calculate z(0).
-23
Let j(v) = -5*v - 65. Calculate j(-14).
5
Let k(z) = -30*z + 956. Determine k(32).
-4
Let n(o) = o**2 - 5. Give n(5).
20
Let a(x) = -21*x + 185. Calculate a(10).
-25
Let b(z) = -5*z + 4. What is b(6)?
-26
Let k(s) = 6*s + 6. Determine k(-6).
-30
Let n(t) = -t**3 + 18*t**2 + 20*t - 2. Determine n(19).
17
Let i(x) = -4*x**2 - 3*x. What is i(-1)?
-1
Let j(s) = s + 1. Give j(5).
6
Let b(k) = -k**2 - 9*k + 12. Give b(-10).
2
Let u(v) = v**2 - 16*v - 47. What is u(19)?
10
Let u(l) = 9*l**2 + l - 2. Calculate u(1).
8
Let i(b) = 7*b**2 - 46*b - 23. Determine i(7).
-2
Let z(p) = -p**3 + 4*p**2 + 5*p - 2. What is z(4)?
18
Let n(s) = 4*s + 34. Give n(17).
102
Let f(w) = -w**2 - 28*w - 103. Calculate f(-24).
-7
Let k(g) = -g**2 + 6*g + 15. Calculate k(0).
15
Let c(f) = 24*f + 287. Calculate c(-12).
-1
Let q(p) = p**3 - 10*p**2 + 23*p - 134. Calculate q(9).
-8
Let q(k) = -k**2 - 22*k + 13. What is q(-20)?
53
Let j(u) = 10*u - 55. Determine j(7).
15
Let z(c) = -81*c + 2351. Give z(29).
2
Let m(v) = -v**3 + 12*v**2 - 13*v + 15. What is m(11)?
-7
Let u(q) = q + 1. Calculate u(-4).
-3
Let h(o) = -8*o**2 - 2*o - 2. Give h(3).
-80
Let q(x) = -6*x - 3. What is q(-3)?
15
Let w(s) = s - 13. Calculate w(8).
-5
Let b(n) = n**2 + 12*n - 11. What is b(-12)?
-11
Let v(o) = -3*o**2 + 11*o - 6. Give v(4).
-10
Let q(z) = z**2 + 6*z - 6. What is q(-7)?
1
Let y(u) = u**2 + u + 5. What is y(0)?
5
Let p(m) = -m**2 + 2*m + 2. Determine p(5).
-13
Let b(i) = 9*i**2 + 47*i + 11. Calculate b(-5).
1
Let f(p) = p**2 + 5*p - 3. Calculate f(-5).
-3
Let a(m) = 2*m - 16. What is a(3)?
-10
Let w(o) = -6*o + 4. Give w(-2).
16
Let m(s) = s**2 - 14*s + 10. Give m(13).
-3
Let d(g) = -2*g + 13. What is d(19)?
-25
Let t(u) = 3*u**2 - 2*u - 1. Calculate t(3).
20
Let x(d) = -7*d + 109. Calculate x(17).
-10
Let j(x) = -x**2 + 14*x - 6. Give j(10).
34
Let n(u) = u**2 - 14*u + 53. What is n(5)?
8
Let y(x) = x**3 + 7*x**2 + 8*x - 8. What is y(-4)?
8
Let k(c) = -224*c - 1116. What is k(-5)?
4
Let f(v) = -v + 23. Determine f(16).
7
Let h(t) = t**3 - 5*t**2 + t - 5. What is h(4)?
-17
Let q(n) = -4*n**2 + n + 7. Determine q(-3).
-32
Let d(s) = -s - 12. Calculate d(-7).
-5
Let g(b) = b**2 - 4*b - 2. Determine g(4).
-2
Let i(t) = 5*t**3 - t**2 + 3*t + 2. What is i(2)?
44
Let o(i) = -2*i - 10. What is o(-12)?
14
Let l(j) = 30*j - 267. What is l(8)?
-27
Let v(u) = -u**2 - 8*u + 2. Calculate v(-10).
-18
Let d(x) = -x**2 + 44*x - 120. Determine d(3).
3
Let u(b) = 37*b + 1. What is u(1)?
38
Let w(i) = -i**3 - 14*i**2 - i - 22. Calculate w(-14).
-8
Let r(d) = -3*d - 1. Determine r(-1).
2
Let l(o) = o**3 - 9*o**2 + 13*o - 5. Calculate l(7).
-12
Let w(v) = v**3 + 6*v + 2. Determine w(-2).
-18
Let n(x) = x + 18. What is n(-17)?
1
Let l(o) = 3*o**2 - 30*o + 144. What is l(6)?
72
Let u(j) = -4*j - 6. What is u(-5)?
14
Let q(v) = 2*v**3 + 5*v**2 + v - 2. Determine q(-4).
-54
Let w(m) = m**3 - 3*m**2 - 4*m - 2. Give w(-2).
-14
Let l(i) = i**3 + 3*i**2 - 6*i. Calculate l(-5).
-20
Let j(t) = -2*t**3 + 5*t**2 - 3*t - 3. What is j(3)?
-21
Let q(y) = -22*y + 190. Determine q(9).
-8
Let d(n) = -3*n**2 + 2*n + 3. Give d(3).
-18
Let o(f) = 4*f - 3. Determine o(-6).
-27
Let o(l) = -l**3 - 9*l**2 + 6*l + 63. What is o(-9)?
9
Let z(o) = -7*o - 11. Give z(-10).
59
Let k(n) = -11*n**2 - n. Calculate k(1).
-12
Let o(h) = -8*h - 75. Determine o(-10).
5
Let r(x) = -x - 5. Determine r(5).
-10
Let u(s) = -12*s**2 - s + 2. What is u(-1)?
-9
Let g(u) = u**3 + 15*u**2 - u - 20. Calculate g(-15).
-5
Let f(m) = -2*m**2 - 20*m - 19. What is f(-9)?
-1
Let f(z) = 25*z - 523. Give f(21).
2
Let g(s) = 2*s - 35. Calculate g(13).
-9
Let z(x) = -9*x + 25. Determine z(3).
-2
Let x(o) = o**3 - 5*o**2 - o + 2. Give x(4).
-18
Let l(b) = 2*b**2 + 98*b + 182. What is l(-47)?
-6
Let r(g) = 4*g - 24. Calculate r(6).
0
Let q(b) = -b**2 + 21*b - 72. Calculate q(17).
-4
Let d(h) = h**2 - 164*h - 845. Give d(-5).
0
Let r(w) = -7*w**2 - 2*w - 3. Determine r(-1).
-8
Let u(k) = -13*k + 3. What is u(-6)?
81
Let g(r) = -r**3 + 7*r**2 - 9*r + 13. Give g(6).
-5
Let a(t) = -3*t - 75. What is a(-17)?
-24
Let b(t) = 11*t - 6. What is b(2)?
16
Let l(z) = z**3 - 6*z**2 + z + 8. What is l(6)?
14
Let s(q) = -15*q - 1. Calculate s(-2).
29
Let t(w) = w**3 - 4*w**2 - 5*w + 10. Give t(4).
-10
Let f(u) = 16*u - 17. Determine f(2).
15
Let r(b) = b - 16. What is r(4)?
-12
Let k(i) = 23*i**2 - 9*i + 2. Give k(1).
16
Let n(z) = -z**3 - 9*z**2 - 16*z - 6. Determine n(-7).
8
Let x(g) = -2*g**3 - 3*g**2 + 5*g + 2. Calculate x(-3).
14
Let i(d) = 2*d**3 + 25*d**2 + 14*d + 25. What is i(-12)?
1
Let d(j) = 5*j. Determine d(-1).
-5
Let a(t) = 4*t**3 - 27*t**2 - 6*t - 6. Determine a(7).
1
Let q(t) = -3*t**2 + 3*t + 8. Give q(3).
-10
Let i(y) = -8*y**2 - 71*y + 4. Give i(-9).
-5
Let c(w) = w**3 - 6*w**2 + 16*w - 17. What is c(3)?
4
Let z(t) = 2*t**2 + 4. Calculate z(-2).
12
Let m(u) = 39*u**2 + 3*u + 4. Calculate m(-2).
154
Let v(j) = -j - 11. Give v(-14).
3
Let z(t) = 2*t**3 - 4*t**2 + 4*t - 3. Calculate z(2).
5
Let g(y) = y**2 - 11*y + 39. Give g(4).
11
Let u(a) = 3*a + 21. Calculate u(-8).
-3
Let g(m) = 19*m - 1. Determine g(-1).
-20
Let b(g) = 2*g + 5. What is b(-4)?
-3
Let i(k) = 2*k - 4. Determine i(-3).
-10
Let r(b) = 4*b + 28. Determine r(-6).
4
Let k(w) = w**3 + w**2 - w + 4. What is k(0)?
4
Let g(c) = -c**3 + 7*c**2 + 8*c + 15. Determine g(8).
15
Let d(w) = -w**3 - 4*w**2 - 4*w + 4. What is d(-5)?
49
Let a(d) = 5*d**2 - 40*d. Calculate a(9).
45
Let z(k) = k + 13. Give z(-8).
5
Let p(s) = 2*s**2 - 9*s. Determine p(6).
18
Let y(z) = -5*z - 2. What is y(1)?
-7
Let h(n) = -n**2 - 9*n - 10. What is h(-5)?
10
Let t(d) = d**2 + 36*d - 128. Calculate t(-39).
-11
Let v(b) = b**3 + 9*b**2 + 9*b - 16. Determine v(-8).
-24
Let h(r) = -3*r**2 - 7*r + 28. What is h(3)?
-20
Let s(y) = -4*y - 15. Calculate s(-17).
53
Let q(s) = -3*s + 24. Give q(7).
3
Let t(w) = 25*w + 42. What is t(-4)?
-58
Let g(r) = r**2 - 13*r - 21. Give g(15).
9
Let x(i) = i**2 + 7*i + 7. Determine x(-5).
-3
Let f(z) = z**2 - 31. Calculate f(0).
-31
Let f(x) = 5*x + 1. Calculate f(5).
26
Let c(y) = -y**3 + y**2 - 2*y + 37. Calculate c(0).
37
Let l(a) = a**3 + 43*a**2 - 13. Determine l(-43).
-13
Let r(d) = d**3 + d + 1. What is r(-1)?
-1
Let x(c) = -c**2 - 35*c + 31. Give x(-36).
-5
Let a(x) = x**3 + 6*x**2 + 9*x - 3. What is a(-4)?
-7
Let s(w) = -w - 53. Determine s(17).
-70
Let t(p) = -p - 22. Give t(-10).
-12
Let d(t) = -t**3 - 32*t**2 + 7. Calculate d(-32).
7
Let r(a) = 6*a**2 - 2*a - 1. Calculate r(-1).
7
Let t(g) = g**3 + 5*g**2 + 3*g + 7. What is t(-5)?
-8
Let o(n) = 3*n - 7. Calculate o(5).
8
Let q(k) = k**3 - 9*k**2 - 9*k - 14. Give q(10).
-4
Let w(x) = 23*x + 22. Determine w(0).
22
Let c(h) = -h**2 + 1